44 - -16 - (-5 + (10 + -6 - 5)).
-22
What is the value of -29 + 10 + -4 + (-27 - -29)?
-21
What is 20 + -3 + 27 + -37?
7
Evaluate 4 + 4 + -1 + (-1 - -3).
9
(1 - 0) + -3 + (447 - 458)
-13
Calculate -33 + -25 + 22 - -19.
-17
-18 - (-6 + -12 + -3)
3
What is -46 + 3 - (85 + -107)?
-21
Evaluate -4 + -16 + 10 - -9 - -11.
10
Evaluate -2 - (-6 + 0 - (32 + -35) - 3).
4
What is the value of (-3 - (-8 + 21 - 42)) + 0?
26
-8 + (10 - -5 - 1) + -4 + 1
3
10 - (-15 - (1 + -32))
-6
What is the value of -13 - ((-36 - -29) + 0 + 16)?
-22
What is -4 + -1 - (0 - 4) - (-5 + 21)?
-17
Calculate 8 + (0 - (19 + -25)).
14
What is the value of -28 - (45 + -18 + -6 + 3 + -14)?
-38
6 + (6 - (-4 + 12 - -5)) - 22
-23
What is 1 + (13 + -5 - 4 - -2)?
7
Calculate 6 - 14 - (29 + -37).
0
Evaluate -18 + 7 + -8 + 5 + -8 + 11.
-11
0 + 1 - -5 - (-1003 + 1006)
3
Calculate (12 - (-6 - (-12 + 1))) + -12.
-5
(-3 - -1 - 5 - 3) + 29 + -34
-15
Calculate -23 - -14 - -44 - -1 - 8.
28
Calculate -188 + 185 - (12 + -1) - -11.
-3
What is (-63 - -64) + (-16 - -36)?
21
2 + 21 + (18 + -6 - 5)
30
Calculate (1 - 11) + (-15 - (-11 - (1 + 1))).
-12
Calculate (-11 - -5) + -3 - (-26 - -20) - -2.
-1
What is 6 - (-6 + -17 + 11 + -12)?
30
(12 - (-1 - -2)) + (-28 - (130 - 157))
10
-1 - (-9 + 5 + -4 - (-16 - -1))
-8
Evaluate 16 - (40 + -20 - 5).
1
Evaluate 0 + 3 + 4 - (-12 - (3 - -4)).
26
What is -9 + 3 + 11 + (0 - 8)?
-3
Evaluate (-4 - -6) + -3 + (1 - 4 - -7).
3
7 - 5 - (11 + -11)
2
Evaluate -18 - 0 - (-252 + 249).
-15
Evaluate ((-31 - -15) + 3 - -14) + 1 + -1.
1
-4 + 4 + (7 + -13 - (0 - 7))
1
What is -10 + (1 - -5) + 39 + -12 - 7?
16
Evaluate -116 + 112 - (-36 - 1 - (-11 - -11)).
33
4 - (-24 - -20 - -6)
2
What is the value of -4 - (-23 + 11 - -12)?
-4
(-17 - (-14 - (4 - 7))) + -10
-16
-6 - ((-5 - -1) + 4 + (-11 - 2))
7
Calculate -12 + 9 + (37 - 25).
9
Evaluate -11 - (-2 - (6 - (8 - 9))).
-2
What is -7 + (-19 + 31 - 4) + -10?
-9
What is the value of (10 - 21) + 15 - (0 + (2 - -16))?
-14
Evaluate (-53 - (31 - 76)) + (-17 - (0 + -1)).
-24
What is -8 + (2 + (9 - 3) - (10 + -4))?
-6
Evaluate -27 + 3 - (-4 + 2 - (12 + -7)).
-17
What is the value of 8 - 20 - (-1 + -17)?
6
What is the value of -16 + (6 - -1 - 2 - -1 - 2)?
-12
What is 2 + 4 + 1 + 18 + (-21 - -4)?
8
457 + -447 + 2 + 12
24
(-4 - -3) + (4 - (0 + -6)) - -2
11
What is the value of -6 - -22 - (3 - -4) - 19?
-10
Evaluate 6 - ((1 - (-21 - 1)) + -8).
-9
What is 0 - (-8 + 29) - (-11 + 4 - -1)?
-15
Calculate -1 + (10 - 2 - (-1 - -5) - -4).
7
Evaluate -18 - -2 - ((39 - 27) + 1).
-29
Evaluate 41 + -45 - (-30 + 1).
25
Calculate -32 + (6 - -23) - -27.
24
What is (2 - 3 - (-6 + -2)) + 0 + 2?
9
Calculate 6 - (40 - 29 - ((-2 - -2) + 2)).
-3
What is 8 - (-8 - 9 - 0) - -11?
36
1 + -7 - (-3 + 1 + 15 + -46)
27
What is 29 - (23 + 25) - -33?
14
What is the value of (-12 - (28 + -28)) + -7?
-19
22 + (-73 - -39) + (16 - -1)
5
(-8 - 31) + (14 - -24)
-1
Evaluate 37 - 8 - 45 - -37.
21
Calculate -6 - (-6 + 5 + -11).
6
What is the value of -12 + -2 + -7 + (6 + 5 - -6)?
-4
Calculate (8 - 24 - -27) + -18.
-7
Evaluate 0 + -10 - (7 + 11 + -12).
-16
Calculate 21 - (32 + -35 - 4).
28
What is the value of 6 + 22 + -24 - (0 + -3)?
7
What is -1546 + 1549 - (0 - -12)?
-9
2 - ((-2 - (2 + -11 + 5)) + -4)
4
What is the value of 0 + (-6 - 2 - -31)?
23
Evaluate ((-13 - -28) + -2 - 7) + 7 + 0.
13
What is -253 + 260 + (-2 + 0 - -6)?
11
Evaluate -5 - (-12 + 8 - 4 - (0 + -2)).
1
What is the value of 4 + -4 - -2 - (7 - 2 - 2)?
-1
Calculate 2 - 1 - (-4 + 1) - (869 - 861).
-4
What is 26 + -7 + 4 + -21 + 24?
26
Evaluate (-9 - (13 + -24)) + (2 + -1 - -1).
4
Calculate 2 + -25 - (134 + -146).
-11
-10 + (5 - (-3 + 8))
-10
Evaluate 2 + 5 - ((-1 - 8) + (9 - -4)).
3
0 + 21 + -10 + -25 + 8 + -33
-39
Evaluate -23 + (1 - (-37 - -27)).
-12
9 + 18 + -22 - (9 + 0)
-4
What is the value of (8 - 3 - 3) + -4 - 2?
-4
9 + (-7 - -5) + (-1 - -3)
9
(-77 - -73) + 0 + -2
-6
Evaluate 0 + 5 + (2 - (-12 + 1)).
18
(15 - -40 - 11) + -15
29
Evaluate 10 + -1 + (0 + -23 - (7 - -1)).
-22
Calculate (-14 - -8) + (0 + 3 - -3) + 6.
6
Calculate 39 + 20 + (-23 - 13).
23
Calculate -2 + 2 - (76 - 86 - (0 + -4)).
6
Evaluate 13 + -8 + 0 + -1 + -11.
-7
Calculate -1 + -15 + -7 + (9 - 11).
-25
Evaluate -5 + 10 + -12 + 7 - 1.
-1
Evaluate (26 - 16) + (3 - (-6 + 2)).
17
Calculate 13 - (4 - (2 + 10 - 7)).
14
Calculate 7 - 4 - (22 - 14) - (0 - 2).
-3
-1 + 1 + -6 + 1 + 2 + 7
4
7 + -5 + (-1 - -11) + (15 - 19)
8
-8 + 9 + -6 + (1 - (8 - -18))
-30
What is 4 + -5 + -4 - ((-2 - -28) + -32)?
1
What is -27 - (-17 + -19 + -20)?
29
What is the value of -8 - (-5 + 0) - (-2 + 5 - -2)?
-8
(17 - (-3 + 31 - 1)) + (0 - -3)
-7
What is (-11 - -6) + -9 - (8 + -11)?
-11
(20 - 11) + -13 + 1 - -2
-1
What is the value of 0 + (-3 - -13) + -13 - (3 - -1)?
-7
6 - ((-9 - (-1 - 3)) + 3 + 2)
6
-1 + 9 + (7 + 0 - 12)
3
What is 9 + 0 + (-2 + 2 - -2) + -1?
10
Calculate (24 + 7 - (-13 + 28)) + -16.
0
Evaluate -26 + 50 - (16 + 2).
6
(-24 - ((8 - 8) + -5)) + (-9 - -1)
-27
Calculate 14 + -15 + -13 - -17.
3
What is the value of -12 + (9 - 9) - -3?
-9
What is (-2 + -4 + 14 - (4 + -7)) + 1?
12
Evaluate -30 + 11 + 49 + -53.
-23
Calculate (-3 - -5) + -15 + 12 + -2.
-3
What is the value of -4 + -9 + (-24 - -34)?
-3
19 + -1 + -4 - 13
1
What is the value of (16 - 2) + -16 + -4?
-6
Evaluate (10 - (7 + 5)) + (-3 - 13) + 7.
-11
What is the value of -8 - (-22 - (1 + 13 + -2))?
26
(0 - 2) + (2 - -15) + 10 + -15
10
-11 + -1 + -7 + 11 + 0
-8
Evaluate (32 + -7 - 14) + 2 + -8 - -5.
10
Evaluate 2 + -1 + 2 + -15 + (-19 - -23).
-8
What is (-8 - 0) + (-137 - -155)?
10
What is 18 + -14 - ((0 + 1 - 0) + 5)?
-2
Calculate 1 + (-8 - (-3 + -8 + 4)).
0
Evaluate 1 - 3 - (-102 + 96) - 0.
4
What is the value of -7 - (1 - (-2 - (-28 - -10)))?
8
What is -3 + (18 - -2) + -11 + 5?
11
What is (15 - 6) + 1 + 5?
15
Calculate -21 + 24 + (-16 - -9).
-4
What is 0 - (21 + (22 - 42))?
-1
What is -8 + (-6 - (10 - 26)) - -13?
15
What is (6 - -2) + -4 + 3 - (22 + -20)?
5
13 - ((10 - (-2 + 6)) + 23)
-16
What is the value of -15 + 17 + -16 - -24?
10
What is the value of (2 - 0 - 9) + 41 + -9 + -9?
16
Calculate (16 - (-2 - -2)) + (-245 - -245).
16
Calculate 4 + -14 + 16 - (3 + 2).
1
Evaluate (13 - 0) + 510 + -532.
-9
Calculate (2 - -6) + (3 - 1) + (-10 - -12).
12
What is (-54 + 22 - -22) + -7?
-17
Evaluate 30 + (4 + -4 - (2 - -6) - 0).
22
What is 29 + -11 + -20 + 23?
21
Evaluate -3 - (4 + -7 - (3 - -7)).
10
(6 + 18 - 2) + -11
11
(1 - -4) + (-13 - (7 - 11)) + -4
-8
-2 + -20 + 3 + 33
14
What is the value of (18 - (15 + -13)) + 2 + -11?
7
What is -4 - (-5 + -4 + 26 - (26 - 17))?
-12
Evaluate -5 - (-2 - -1) - (49 - (7 - -25)).
-21
Calculate -93 - -84 - (-5 + -1) - (0 + -1).
-2
24 + 23 + -44 + 0 + 4
7
5 + (1 - (1 + -6 - (6 + -19)))
-2
What is (202 - 179) + (-36 - 2)?
-15
Calculate -183 - -189 - (3 + 18).
-15
Calculate 58 + -2 + (76 - 106).
26
What is (7 - 16) + 1 - -15 - (1 - 0)?
6
Evaluate 23 + -29 + 16 - -5.
15
What is 2 + 8 - ((-6 - -9) + 2)?
5
Calculate 0 + -10 + (-3 - -6 - 2 - 1).
-10
-3 + 17 + (29 - 71) - (0 + -8)
-20
Evaluate -23 + 8 - -55 - (10 - 0).
30
Calculate (380 - 354) + (-54 - -1).
-27
Evaluate (25 - -7) + -10 + -10.
12
Evaluate (7 + -4 + -4 - 3) + 0.
-4
Calculate -8 + 12 + 2 + 9 + -12.
3
Evaluate -11 - -15 - (26 + -6).
-16
What is the value of -2 + 3 + -2 + 3 - (289 - 301)?
14
Evaluate -108 + 112 - (2 - 2 - 1).
5
Evaluate 5 + (-4 - (-22 + 4)).
19
What is -11 + (6 + -3 - -14)?
6
What is the value of (-11 - -3) + 9 + 5?
6
Evaluate -3 + 4 - (-5 - (4 + 3 + -7)).
6
What is the value of -46 + 13 + (78 - 37)?
8
What is the value of (-1 - 7 - -9) + 0 + -23 + 6?
-16
Evaluate -3 - (-1 + (9 - (2 + 4))).
-5
-8 + 15 + -32 + 19
-6
-11 - (13 - (3 + 8) - 20)
7
What is the value of -74 + (-6 - -41) + 16?
-23
What is the value of (-592 - -609) + (-2 - -8)?
23
Calculate (-13 - (0 + -4 - 20)) + -3.
8
12 + -16 - (11 + -4 + (6 - 4))
-13
Evaluate (-19 - (0 - (5 + 0))) + 4.
-10
Evaluate (240 - 254) + 5 + 0.
-9
(-12 - -3) + 31 + -16
6
What is the value of -13 + 25 + -2 + -11 - 12?
-13
Calculate -3 - (-1 + 19 - 5).
-16
-9 + 23 + (10 - (0 - -5))
19
Calculate (2 + -1 - (-25 - -32) - -12) + -11.
-5
Calculate (0 - ((48 - 58) + 2 + -1)) + -5.
4
Calculate -80 + 85 - (3 + 2).
0
36 + (23 - 39) - 21
-1
What is 4 - (-11 + -1 + 7) - -6?
15
What is the value o